tor of 366 and 80642?
122
Calculate the highest common factor of 10 and 522485.
5
Calculate the highest common divisor of 39376 and 2944.
368
What is the greatest common factor of 9047 and 436?
109
What is the greatest common divisor of 543 and 60997?
181
What is the greatest common factor of 776 and 5692?
4
Calculate the greatest common factor of 345072 and 5460.
1092
Calculate the highest common divisor of 25 and 101.
1
Calculate the greatest common divisor of 226970 and 10.
10
What is the greatest common divisor of 1056 and 24618?
66
What is the highest common divisor of 40 and 32130?
10
What is the greatest common divisor of 222 and 119954?
74
What is the highest common divisor of 11776 and 7452?
92
What is the greatest common divisor of 324 and 78651?
81
What is the greatest common factor of 392 and 66136?
56
What is the highest common divisor of 2849 and 152033?
259
What is the greatest common factor of 228553 and 52?
13
What is the highest common divisor of 228 and 37050?
114
What is the highest common factor of 44 and 70686?
22
Calculate the highest common factor of 97968 and 182.
26
Calculate the highest common factor of 480 and 126856.
8
Calculate the greatest common divisor of 700 and 1988.
28
Calculate the highest common divisor of 26340 and 720.
60
Calculate the greatest common factor of 2432 and 1558.
38
What is the highest common divisor of 729064 and 8225?
329
Calculate the highest common divisor of 1098 and 46269.
9
What is the greatest common divisor of 286 and 594?
22
Calculate the greatest common divisor of 1581 and 362508.
51
Calculate the highest common factor of 1831555 and 55.
55
What is the greatest common factor of 3604 and 374?
34
What is the greatest common factor of 372 and 15500?
124
What is the highest common divisor of 30 and 30630?
30
What is the highest common divisor of 7030 and 9990?
370
What is the greatest common factor of 303700 and 140?
20
What is the greatest common divisor of 248 and 8?
8
What is the highest common factor of 24 and 395292?
12
What is the greatest common divisor of 2865 and 960?
15
Calculate the highest common divisor of 20 and 525860.
20
What is the greatest common divisor of 850 and 22600?
50
What is the greatest common divisor of 104 and 8?
8
What is the greatest common divisor of 127008 and 532?
28
Calculate the greatest common factor of 22 and 23078.
22
What is the highest common factor of 1869 and 195622?
623
Calculate the greatest common divisor of 24773 and 476.
7
Calculate the highest common factor of 2024 and 539.
11
Calculate the greatest common factor of 3729885 and 51.
51
Calculate the greatest common factor of 2150 and 300.
50
Calculate the greatest common factor of 1426565 and 21.
7
Calculate the highest common divisor of 28035 and 31061.
89
Calculate the greatest common divisor of 11 and 486761.
11
Calculate the highest common factor of 9499 and 6923.
161
Calculate the highest common factor of 4758 and 1456.
26
Calculate the greatest common divisor of 56640 and 8673.
177
What is the greatest common factor of 14466 and 66?
6
Calculate the highest common divisor of 45794 and 168.
14
What is the highest common divisor of 10935 and 109755?
405
Calculate the greatest common factor of 29552 and 32.
16
What is the greatest common divisor of 118 and 2138042?
118
What is the greatest common divisor of 70 and 36950?
10
Calculate the highest common divisor of 1047926 and 38.
38
Calculate the greatest common divisor of 3114377 and 623.
623
What is the greatest common factor of 2300 and 8740?
460
Calculate the highest common divisor of 57 and 12863.
19
What is the highest common factor of 181540 and 290?
290
What is the highest common divisor of 4814 and 197258?
58
Calculate the greatest common factor of 303072 and 330.
66
What is the greatest common factor of 231 and 44506?
77
What is the greatest common factor of 93702 and 207?
69
What is the greatest common factor of 22 and 188300?
2
Calculate the greatest common divisor of 23960040 and 195.
195
Calculate the highest common factor of 7 and 143017.
7
What is the highest common factor of 287 and 120909?
41
What is the greatest common factor of 3408276 and 12?
12
Calculate the greatest common divisor of 276 and 34638.
138
Calculate the highest common factor of 63 and 24843.
21
What is the highest common factor of 214548 and 18?
6
Calculate the greatest common factor of 36295 and 54740.
595
What is the greatest common divisor of 145 and 14297?
29
Calculate the highest common factor of 3042 and 17433.
117
What is the highest common divisor of 18997 and 1936?
121
What is the greatest common factor of 288 and 10383408?
144
What is the greatest common factor of 2351 and 9857743?
2351
What is the greatest common divisor of 11 and 1724591?
11
What is the highest common factor of 455756 and 820?
164
What is the highest common divisor of 14278 and 10207?
59
What is the highest common factor of 345 and 4761?
69
What is the greatest common factor of 335 and 502567?
67
Calculate the greatest common factor of 10176 and 69801.
159
What is the greatest common divisor of 1992096 and 480?
96
What is the greatest common factor of 325675 and 25?
25
Calculate the highest common divisor of 114995 and 1688.
211
What is the highest common factor of 10962 and 21?
21
What is the greatest common divisor of 30 and 8535?
15
Calculate the greatest common factor of 458 and 194.
2
Calculate the greatest common factor of 7290 and 915.
15
What is the highest common factor of 947 and 1555?
1
Calculate the greatest common divisor of 1495 and 345.
115
What is the highest common factor of 469 and 26867?
67
Calculate the greatest common factor of 1083 and 11229.
57
What is the greatest common divisor of 15 and 441600?
15
What is the highest common divisor of 960 and 8520?
120
Calculate the greatest common factor of 421995 and 70.
35
Calculate the greatest common divisor of 328075 and 275.
275
Calculate the greatest common divisor of 7860 and 320.
20
What is the greatest common divisor of 42336 and 5376?
672
Calculate the greatest common factor of 6736 and 14.
2
What is the greatest common factor of 108155 and 95?
5
What is the highest common divisor of 32 and 10203568?
16
Calculate the highest common divisor of 124 and 69812.
124
Calculate the greatest common divisor of 5523 and 62331.
789
What is the greatest common divisor of 91 and 331?
1
What is the greatest common divisor of 99136 and 64?
64
What is the greatest common divisor of 124 and 262360?
4
Calculate the highest common factor of 33 and 21065.
11
Calculate the highest common factor of 303 and 382386.
303
What is the highest common divisor of 570 and 298566?
114
Calculate the greatest common factor of 30 and 509505.
15
Calculate the greatest common factor of 1005444 and 1980.
396
What is the greatest common divisor of 172530 and 568?
142
Calculate the highest common factor of 107956 and 197.
197
What is the greatest common divisor of 1841591 and 371?
53
Calculate the highest common divisor of 1440 and 81.
9
What is the greatest common factor of 587712 and 10176?
192
Calculate the greatest common divisor of 4225950 and 900.
450
What is the greatest common factor of 180147 and 363?
33
What is the highest common divisor of 4130 and 1829?
59
What is the highest common divisor of 62524 and 140?
28
Calculate the highest common divisor of 5 and 21330.
5
Calculate the highest common factor of 549754 and 806.
62
Calculate the greatest common divisor of 39552 and 42.
6
Calculate the greatest common factor of 16 and 103180.
4
Calculate the highest common divisor of 314466 and 36.
6
What is the greatest common divisor of 52664 and 412?
4
Calculate the highest common factor of 2 and 4951.
1
Calculate the greatest common divisor of 842160 and 9075.
1815
What is the greatest common factor of 3048 and 10632?
24
Calculate the greatest common divisor of 5 and 703.
1
Calculate the greatest common divisor of 868886 and 1544.
386
Calculate the highest common factor of 18 and 86730.
6
What is the greatest common factor of 56 and 60522?
14
Calculate the greatest common divisor of 14 and 1670809.
7
Calculate the greatest common divisor of 2506912 and 32.
32
What is the greatest common factor of 17 and 178279?
17
Calculate the hig